ands digit of 246233144?
2
What is the units digit of 1035203613?
3
What is the thousands digit of 437248856?
8
What is the thousands digit of 187797196?
7
What is the hundred thousands digit of 1605262290?
2
What is the hundred millions digit of 454110530?
4
What is the hundred thousands digit of 115505592?
5
What is the hundred thousands digit of 1653304728?
3
What is the hundred thousands digit of 50286368?
2
What is the hundred thousands digit of 272705077?
7
What is the hundreds digit of 943627270?
2
What is the hundred thousands digit of 4092431178?
4
What is the hundreds digit of 521753287?
2
What is the ten millions digit of 5205771148?
0
What is the hundred thousands digit of 207106419?
1
What is the ten thousands digit of 71990555?
9
What is the hundreds digit of 43954512?
5
What is the units digit of 48166785?
5
What is the hundred millions digit of 152898382?
1
What is the units digit of 25888041?
1
What is the units digit of 178009925?
5
What is the hundred thousands digit of 94656470?
6
What is the hundreds digit of 362583361?
3
What is the billions digit of 2077570126?
2
What is the hundreds digit of 205425993?
9
What is the hundred millions digit of 1533894294?
5
What is the units digit of 3676978753?
3
What is the tens digit of 720716904?
0
What is the billions digit of 1710198103?
1
What is the units digit of 86011687?
7
What is the ten millions digit of 883568328?
8
What is the hundred thousands digit of 156613861?
6
What is the ten millions digit of 1860205335?
6
What is the units digit of 25101934?
4
What is the units digit of 3852368041?
1
What is the hundred thousands digit of 115483418?
4
What is the ten millions digit of 437606981?
3
What is the ten millions digit of 125642312?
2
What is the ten millions digit of 340338515?
4
What is the tens digit of 780384289?
8
What is the thousands digit of 6337341497?
1
What is the millions digit of 100595932?
0
What is the ten millions digit of 718457393?
1
What is the millions digit of 719475242?
9
What is the hundreds digit of 159586239?
2
What is the thousands digit of 1035590993?
0
What is the hundreds digit of 402277447?
4
What is the ten thousands digit of 1263570079?
7
What is the ten thousands digit of 4179284?
7
What is the thousands digit of 166461796?
1
What is the tens digit of 1750918726?
2
What is the ten thousands digit of 492337505?
3
What is the tens digit of 3779811119?
1
What is the ten thousands digit of 679499919?
9
What is the hundred thousands digit of 48282007?
2
What is the units digit of 89388135?
5
What is the hundreds digit of 653580374?
3
What is the tens digit of 276840681?
8
What is the millions digit of 44506176?
4
What is the millions digit of 806619941?
6
What is the hundred millions digit of 7114440382?
1
What is the thousands digit of 5167530659?
0
What is the ten thousands digit of 51037254?
3
What is the tens digit of 856107199?
9
What is the units digit of 292823714?
4
What is the millions digit of 418910181?
8
What is the tens digit of 123194387?
8
What is the hundreds digit of 198514752?
7
What is the millions digit of 71089551?
1
What is the units digit of 155388004?
4
What is the hundreds digit of 219051683?
6
What is the ten millions digit of 571601036?
7
What is the units digit of 40293893?
3
What is the units digit of 767817163?
3
What is the units digit of 20944096?
6
What is the hundred thousands digit of 44767873?
7
What is the hundreds digit of 70285077?
0
What is the ten thousands digit of 13434632?
3
What is the units digit of 48497826?
6
What is the thousands digit of 2097550338?
0
What is the hundred thousands digit of 42994026?
9
What is the units digit of 6016205616?
6
What is the hundred thousands digit of 76864705?
8
What is the hundred millions digit of 132509710?
1
What is the millions digit of 8409970852?
9
What is the ten thousands digit of 315645295?
4
What is the ten millions digit of 53584749?
5
What is the units digit of 1856695593?
3
What is the ten millions digit of 167034771?
6
What is the ten thousands digit of 815268140?
6
What is the hundreds digit of 445660091?
0
What is the thousands digit of 731142216?
2
What is the hundred thousands digit of 446616493?
6
What is the tens digit of 199942571?
7
What is the hundred thousands digit of 564889678?
8
What is the ten thousands digit of 317603867?
0
What is the hundreds digit of 589942719?
7
What is the millions digit of 78257671?
8
What is the thousands digit of 37662641?
2
What is the hundreds digit of 40763099?
0
What is the tens digit of 163862860?
6
What is the thousands digit of 33016228?
6
What is the ten millions digit of 20787260?
2
What is the hundred thousands digit of 209813876?
8
What is the hundred millions digit of 1085956896?
0
What is the tens digit of 1471335654?
5
What is the units digit of 128577306?
6
What is the hundreds digit of 59420259?
2
What is the hundred thousands digit of 18025959?
0
What is the millions digit of 669999944?
9
What is the thousands digit of 49708140?
8
What is the ten thousands digit of 21286764?
8
What is the hundred thousands digit of 190838238?
8
What is the tens digit of 53746994?
9
What is the ten millions digit of 36422698?
3
What is the hundreds digit of 31215397?
3
What is the tens digit of 42439022?
2
What is the ten millions digit of 364784053?
6
What is the millions digit of 491508324?
1
What is the millions digit of 2937945475?
7
What is the ten millions digit of 50616584?
5
What is the ten millions digit of 18973845?
1
What is the hundred millions digit of 479615706?
4
What is the tens digit of 44308768?
6
What is the ten thousands digit of 200320650?
2
What is the units digit of 12576184?
4
What is the ten millions digit of 4508750465?
0
What is the ten millions digit of 203880884?
0
What is the tens digit of 5786598420?
2
What is the billions digit of 2811273808?
2
What is the hundreds digit of 3705014?
0
What is the tens digit of 1178531714?
1
What is the hundreds digit of 66034427?
4
What is the hundreds digit of 89161550?
5
What is the tens digit of 59887077?
7
What is the units digit of 213504914?
4
What is the ten thousands digit of 90705536?
0
What is the ten thousands digit of 254390762?
9
What is the hundreds digit of 365892894?
8
What is the units digit of 113579210?
0
What is the units digit of 68539019?
9
What is the ten thousands digit of 14408309?
0
What is the tens digit of 13776360?
6
What is the hundred thousands digit of 35524626?
5
What is the hundreds digit of 60864299?
2
What is the tens digit of 675977335?
3
What is the ten thousands digit of 133564443?
6
What is the thousands digit of 47374911?
4
What is the millions digit of 89170348?
9
What is the ten thousands digit of 692336890?
3
What is the hundreds digit of 4419323?
3
What is the hundred millions digit of 637013409?
6
What is the hundred thousands digit of 42139960?
1
What is the hundred millions digit of 486365624?
4
What is the thousands digit of 1521071686?
1
What is the ten thousands digit of 2812126401?
2
What is the hundreds digit of 143186512?
5
What is the hundred thousands digit of 502997904?
9
What is the hundred thousands digit of 130922946?
9
What is the ten thousands digit of 6668094?
6
What is the tens digit of 1026331962?
6
What is the ten thousands digit of 1130575722?
7
What is the hundreds digit of 25886710?
7
What is the ten thousands digit of 6369384441?
8
What is the ten millions digit of 4605876454?
0
What is the tens digit of 65955578?
7
What is the hundreds digit of 19112498?
4
What is the units digit of 80560387?
7
What is the billions digit of 2864564561?
2
What is the ten thousands digit of 16008822?
0
What is the units digit of 12626641?
1
What is the ten millions digit of 66236927?
6
What is the hundreds digit of 58120788?
7
What is the units digit of 1064565898?
8
What is the hundred millions digit of 454254372?
4
What is the tens digit of 92380351?
5
What is the hundred thousands digit of 192864335?
8
What is the tens digit of 339856516?
1
What is the hundred thousands digit of 28274848?
2
What is the hundreds digit of 328792296?
2
What is the ten millions digit of 54392720?
5
What is the hundreds digit of 624827229?
2
What is the ten thousands digit of 76496091?
9
What is the tens digit of